 11. Let f(z) = -3*b(z) + 5*q(z). Determine f(5).
2
Let m(w) = -2*w**2 - 3*w - 4. Let o(d) = d + 1. Let j(r) = m(r) + 6*o(r). Calculate j(3).
-7
Let v(c) = 5 + 0 - c - 3. Let m(f) = -f**3 - 5*f**2 + f + 5. Let d be m(-5). Suppose 0 = -d*s - s + 2. Calculate v(s).
0
Let y(h) = h - 6. Let m(f) = -6*f - 18. Let b be m(-4). Determine y(b).
0
Let s(t) = t + 4. Let d be s(-4). Let c(v) = -v + 1. Let x(p) = p - 1. Let m = 11 - 15. Let o(y) = m*x(y) - 5*c(y). Give o(d).
-1
Let v(n) be the first derivative of -2*n**2 - 8 - 2*n - 2*n + 3*n**2 + 0*n. Give v(5).
6
Let f(v) be the first derivative of 0*v - 1/3*v**3 + 5 - v**2. Calculate f(-3).
-3
Suppose -w - 2*w + 21 = 0. Let q(u) = w*u + u**3 - u - 5*u**2 - 6 - 2*u**2. What is q(6)?
-6
Let p(q) = -q + 1. Suppose n + 5*h + 4 = -1, 0 = 2*n - h + 43. Let c = 13 + n. Let a(t) = t**2 + 8*t + 3. Let x be a(c). What is p(x)?
5
Let m = 45 - 42. Let v(h) = h - 3. What is v(m)?
0
Let y(h) = -h**3 - 5*h**2 + 5. Let l(i) = i + 3. Let p be l(0). Suppose p*k - 2*u = -5, -4*u - 30 + 10 = 0. What is y(k)?
5
Let p(g) = g**2 - g - 11. Let c(n) = -3*n**2 + 3*n + 32. Let x(k) = 6*c(k) + 17*p(k). Determine x(4).
-7
Let d(m) be the first derivative of 2*m**2 + 6*m - 5. What is d(-4)?
-10
Let x(s) = 0*s - 2*s - s**2 + 5*s - 3. What is x(3)?
-3
Let q(b) = b**3 - 7*b**2 + 6*b - 5. Let p be (-10)/3*(-4 - 22/(-10)). Give q(p).
-5
Let t(z) = z - 1. Let q(h) = -17*h + 3. Let a(w) = -q(w) - 4*t(w). Calculate a(-1).
-12
Let o(r) = r**2. Let d = -18 - -15. Give o(d).
9
Let p = 19 - 27. Let f(u) = u**3 + 7*u**2 - 9*u - 6. What is f(p)?
2
Let t = 33 - 26. Let z(v) = v**3 - 8*v**2 + 6*v - 1. Determine z(t).
-8
Let m(o) = o - 2. Let w be m(0). Let k be (w - -4)/(2 - 1). Let s(u) = -4 - k + u + 0*u. Give s(6).
0
Let k be 21/6 + -1*1. Let n(a) be the second derivative of 0 + a + 1/6*a**3 - k*a**2. Give n(0).
-5
Suppose -6 = 2*w, 39 = 3*n + 2*n - 3*w. Let o(s) = -s**3 + 7*s**2 - 7*s + 4. Determine o(n).
-2
Let m(o) = o**3 + 3*o**2 - o. Let j be (-33)/(-9) + (-4)/6. Suppose 8 = -7*g + j*g. Determine m(g).
6
Let t(s) = -s**3 + 3*s + 3. Suppose -2*b + 16*b + 28 = 0. Determine t(b).
5
Let b(u) be the second derivative of -u**4 + u**3/6 + u + 3. What is b(1)?
-11
Let r(o) be the first derivative of o**3/3 + o**2/2 - 4. Let k = 0 - -1. Let g = 2 - k. What is r(g)?
2
Let w(f) be the second derivative of -f**7/630 + f**6/720 + f**4/2 + 6*f. Let x(k) be the third derivative of w(k). Suppose 0 = -5*a - 4 - 1. Determine x(a).
-5
Let f(b) = b**2 - 3*b + 5*b - 4*b + 1. Let x be (3/(-2))/(3/8). Let n be (x/(-2))/(10/15). What is f(n)?
4
Suppose -3*j - 12 = -7*j. Let u(t) = -8 + t + t - j - t. Give u(0).
-11
Let y be (-6*1)/(7 + -8 + -1). Let n(g) = g. Give n(y).
3
Suppose 3*f = f. Let g(x) = 7*x**3 + 7*x**3 + 1 - 15*x**3 + x**2 - x. Calculate g(f).
1
Let v = 9 + -6. Let h(j) = j**3 - 5*j**2 + 4*j - 3. Give h(v).
-9
Let d(g) = -9*g**3 + g. Let z be (-18)/(-12)*16/6. Let x be 2*(-2)/z*1. Determine d(x).
8
Let h(v) be the first derivative of v**4/4 - 2*v**3 - 9*v**2/2 + 8*v + 36. Let y be 0/(3/(-1)) + 7. Calculate h(y).
-6
Let c(k) = -5*k**2 + k + 1. Let v(r) = 4*r**2. Let g(y) = -3*c(y) - 4*v(y). Suppose 4 = 2*b - 3*d + 21, 0 = 4*b + d + 13. Calculate g(b).
-7
Let t(r) = 3*r + 1 + 2*r - 4*r + 5. Let y(s) = 1. Let h(j) = -t(j) + 6*y(j). Determine h(1).
-1
Let g be (-61)/(-4) + 4/(-16). Suppose 0*b - g = -3*b. Suppose 2*f + 5*u + b = -3, -2 = 4*f + 3*u. Let m(x) = x - 1. Determine m(f).
0
Let q(r) = -15*r**2 + r - 1. Let x(d) = 4*d - 27. Let o be x(7). Give q(o).
-15
Let u be 45/18*8/(-10). Let j(g) = 2*g. Give j(u).
-4
Let g(y) = -3*y - 3*y**2 + 7 - y + 4*y**3 + 2*y - 2. Let z(n) = -3*n**3 + 3*n**2 + 2*n - 4. Let l(p) = -4*g(p) - 5*z(p). Calculate l(-3).
6
Suppose 2*k + 3*x + 1 = 7*k, -2*x = -2*k - 2. Let p(j) = -6 + 0*j + k*j + 0*j - 3*j. What is p(5)?
-11
Let z(a) = 58 - 32 + 6*a - 18 - a**2. Give z(6).
8
Let y(v) = -3 - 4*v**2 - 2 + v - 5*v**3 + 3*v**3 + 3*v**3. Calculate y(4).
-1
Let j(n) = -n**2 + n - 1. Let t(s) = s**2 - s + 1. Let z(l) = 2*j(l) + 3*t(l). Let o(i) = 4*i**2 - 2*i + 4. Let c(q) = -o(q) + 3*z(q). Calculate c(-1).
-1
Let a(d) be the third derivative of -1/60*d**5 - 4*d**2 - 1/12*d**4 + 0*d + 1/6*d**3 + 0. Suppose 5*o + 8 = x, -o - 12 = 2*o + 3*x. Determine a(o).
1
Let t(o) = o**2 + o. Suppose 0*j + 9 = 3*j. Suppose 0 = j*f + f + 108. Let w be 6/f + (-7)/9. Calculate t(w).
0
Let f(j) = -4*j**2 - 5*j - 10. Let w(h) = -h**2 - 1. Let r(d) = -f(d) + 3*w(d). Let m(p) be the first derivative of r(p). Determine m(-6).
-7
Suppose -16*g + 17*g = 4. Let s(d) = -d**3 + 3*d**2 + 6*d - 5. Calculate s(g).
3
Let h(b) = -b**2 + 7*b - 5. Let q be h(5). Suppose 2*w = s + 9, 4*w + s + 7 = -2*s. Let g(x) = -5*x**w + 4*x + 5*x**2 - 4*x**2 + 6 + 3*x**2. Calculate g(q).
1
Let w(f) = 8*f + 8*f + 1 - 4*f. What is w(-1)?
-11
Let y(u) = -10*u**2 - 4. Let j(a) be the second derivative of 7*a**4/4 + 9*a**2/2 + 11*a. Let n = 17 - 10. Let h(c) = n*y(c) + 3*j(c). Give h(-1).
-8
Let h(f) = -f**2 + 7*f - 4. Suppose 0 = 5*q - 2*o - 27, 2*q - 2 = -5*o + 3. Determine h(q).
6
Let c = 2 - 0. Suppose -4*z + c*z = -2. Let o(a) be the third derivative of a**6/30 + a**5/30 - a**3/6 + 2*a**2. Determine o(z).
5
Let q(h) = -h**3 - 3*h**2 + 2*h. Let s be q(-4). Suppose g = -t - 1, 3*t - 4*g = -2*g - s. Let k(j) = j**2 + j. Determine k(t).
2
Let y(p) be the second derivative of p**3/6 + 2*p. Give y(0).
0
Let z(r) be the second derivative of -r**3/6 + 4*r**2 - 9*r. Determine z(0).
8
Let a(l) = -7*l + 2. Suppose 2*k + 5 + 3 = -4*o, 0 = -2*k + 3*o - 1. Give a(k).
16
Let k(r) = -20*r**3 + 35*r**2 + 44*r - 13. Let o(n) = 7*n**3 - 12*n**2 - 15*n + 4. Let j(f) = -6*k(f) - 17*o(f). Give j(7).
-4
Let m(x) be the third derivative of -x**5/60 + x**4/4 + x**3/6 - 11*x**2. Calculate m(6).
1
Let c(z) be the third derivative of -z**6/120 + z**5/20 - z**4/12 + z**3/3 - 2*z**2. Let f = 92 - 90. What is c(f)?
2
Let b(f) be the second derivative of -f**4/12 - 7*f**3/6 - 2*f**2 + 40*f. Calculate b(-6).
2
Let d(f) = -3*f**2 - 2*f. Let c be (2 + (-3)/6)*2. Suppose c*y = 5*s + 14, s = 5*y + 4*s + 22. What is d(y)?
-8
Let p(o) = -o - 8. Suppose -9 = -3*y, -6*y = -2*c - y - 29. Give p(c).
-1
Let g be 48/(-27) + 2/(-9). Let l(r) = -2*r - 1. Calculate l(g).
3
Let n(y) = -y**3 - 2 - 5 - y - 5*y**2 + 0. Let s(q) = 5*q + 3 - 4*q**2 + 2*q**2 - 5 + 0. Let m be s(3). Give n(m).
-2
Suppose -3*j - 4 = -7, 3*r + 2*j - 14 = 0. Let u(k) = -k**3 + 5*k**2 - 5*k + 2. Calculate u(r).
-2
Let v(l) be the first derivative of -l**4/4 - 5*l**3/3 - l**2 - 4*l - 3. Determine v(-4).
-12
Let x be (6/(-24))/(2/(-24)). Let o(f) = -f**2 + f - 3. Calculate o(x).
-9
Let d = 16 - 11. Let q(b) = -4*b + 11. Let u(f) = -2*f + 6. Let x(g) = d*u(g) - 3*q(g). Let j = 16 + -11. Calculate x(j).
7
Let p(o) = 4 + 83*o**2 - 4 - 92*o**2. What is p(1)?
-9
Let z = 3 - 5. Let v(k) be the second derivative of k**3/6 - k**2/2 + 9*k. Determine v(z).
-3
Let z be ((-20)/(-16))/(2/(-16)*-2). Let k = 0 + 0. Let x(i) = -i + k*i + 5*i - i**2 - 3. What is x(z)?
-8
Let h(c) = 3*c**2 + 0*c**2 - c**2 - 13*c + 16*c - 4. What is h(-3)?
5
Let y(s) = 9 - 4*s + 5 + 5*s - 7. Let d(v) = -v - 6. Let q(c) = 5*d(c) + 4*y(c). Determine q(-6).
4
Suppose 0 = 5*j - j + 4*f - 20, -j + 5*f + 11 = 0. Let h(n) = -3*n + 8. What is h(j)?
-10
Let o(r) be the second derivative of -r**5/60 - r**4/4 - r**3/6 + r**2/2 - 2*r. Let b(z) be the first derivative of o(z). Calculate b(-4).
7
Let w(s) = 1 + 1 - s - 3. Let f(m) = -m. Let d(u) = -2*u + 5. Let r(q) = -d(q) - 2*f(q). Let t(l) = -r(l) - 3*w(l). Determine t(0).
8
Suppose -i + 8 - 10 = 0. Let z(p) = -2*p**2 - 3*p. Determine z(i).
-2
Let g = 75 - 74. Let n(s) = -15*s - 1. What is n(g)?
-16
Let f(k) = 8*k**3 + k**2. Let x be (-6)/4 + 2/24*6. Determine f(x).
-7
Let g be -3*1*(-3)/3. Suppose -4*b + 41 = -g*j, 4*b = -4*j + 47 + 29. Let o be 5*(b/(-10) - -1). Let p(a) = -a**2 - 1. What is p(o)?
-5
Suppose 2*d + 2*d = 16. Let f(x) be the first derivative of -x**5/60 + x**4/8 - x**3/6 + x**2/2 + 1. Let l(m) be the second derivative of f(m). What is l(d)?
-5
Let i be (-24)/16 + (-106)/(-4). Let y be (-8)/10*i/10. Let f(x) = -3*x. Let o(d) = 4*d + 1. Let p(j) = -3*f(j) - 2*o(j). Give p(y).
-4
Let a(l) = l. Let i(t) = -7*t - 4. Let k(v) = -5*a(v) - i